ose 46 = -x - 3*o + 276, j = 5*o - 15. Is x composite?
True
Suppose -4*v = 0, 0*w + 4*v - 1509 = -3*w. Suppose 3*h - w = 481. Is h/4 - 3/(-1) composite?
True
Suppose 10*j - 6*j + 60 = 0. Let u be (-1746)/10 + (-9)/j. Let d = u + 293. Is d a composite number?
True
Let n = 92132 + -4033. Is n composite?
True
Let i = 3437 + -1539. Let g = -770 + i. Let a = -675 + g. Is a a composite number?
True
Let h = 26 - 23. Suppose h*d + r - 16 = 5*r, 2*r = -d + 2. Is (2/5)/(d/8870) composite?
False
Let v = -20 - -17. Let w be (3/(-4))/v*0. Suppose w*z - z = -35. Is z composite?
True
Let r(k) = -k**3 + 12*k**2 - 4. Let l be r(12). Let y(t) = t**2 - 9. Let o be y(l). Suppose i - 50 = 4*a - o*a, 90 = 5*a + 3*i. Is a a composite number?
True
Suppose 3 = 2*w - 1, 3*j + 3*w + 36 = 0. Let v be j/(-4) + (-5)/(-10). Suppose 33 - 2 = 2*d + 5*i, -v*d + 50 = -2*i. Is d composite?
False
Let m = -12105 + 3709. Let a be m/(-44) - (-8)/44. Let l = a - 96. Is l a composite number?
True
Let u(h) = h**2 - 5*h + 2. Let f be u(5). Let q be 4 + f/(-1 + -1). Suppose 0 = -5*r + 5*i + 245, q*r + 2*i - 163 = i. Is r a composite number?
False
Suppose -3*o - 8 = -2. Let z be (-2)/3*6/o. Suppose -4*g - z*h + 306 = 0, -5*g + 2*h = -g - 326. Is g a composite number?
False
Suppose 60 = -24*o + 29*o. Is (8/o)/((-4)/(-60)) a prime number?
False
Is (-5841)/(-36)*4 - (-1 + 3) composite?
False
Suppose -345 - 2449 = 2*b. Let x = b + 2056. Is x composite?
False
Let y be 40*14*(-12)/(-20). Suppose -43 = -3*r + p + 157, 5*r - 3*p - y = 0. Is (r/12)/(2/4) a prime number?
True
Suppose 3*o - 32 = 4*u, 5*o - 61 = -0*u - u. Let k(d) be the third derivative of d**5/30 - 13*d**4/24 + d**3/6 + d**2. Is k(o) prime?
False
Let q(r) = r**3 + 12*r**2 - 13*r - 8. Let a be q(-13). Let j(b) = -b**3 + 2*b**2 - 4*b - 5. Is j(a) a prime number?
False
Suppose -x + 4*x = 6. Let a(k) = 80*k + 22. Let t be a(-7). Is (x + -1)*-1 - t prime?
False
Let b = 115 + 614. Let m = 1208 - b. Is m a composite number?
False
Suppose -36 = -4*v + 12. Is 2535/v + 3/(-12) a composite number?
False
Is (306/24)/(12/12112) prime?
False
Suppose -30547 = -10*q + 19903. Is q a prime number?
False
Suppose -2*q + 2*l + 410 = -116, 0 = 4*l. Is q composite?
False
Let j be 1/4 - 38/(-8). Suppose -j*k - 237 = -827. Is k a composite number?
True
Suppose 0 = 8*j - 49570 - 9382. Is j a composite number?
False
Let o = 8 - 9. Let x(r) = -2*r + 1. Let w be x(o). Suppose 0 = h + 3*u - 47, -2 = w*u + 10. Is h a prime number?
True
Suppose 0 = 72*r - 23*r - 146363. Is r a composite number?
True
Let w = -42 - -58. Is 1479*((-1)/(-12) + 4/w) a prime number?
False
Suppose -505 = -5*m - 5*t, 15*m = 17*m - 4*t - 190. Let c(f) = -f**3 - 4*f**2 + 2*f - 3. Let y be c(-5). Let x = m + y. Is x composite?
True
Let w = 418 - -6361. Is w a prime number?
True
Suppose t - 11 = 1131. Let f = t + 93. Suppose 0 = 3*l - 4820 + f. Is l prime?
False
Let n(v) = 2*v**2 + 102*v - 27 - 68*v - 56*v. Is n(22) composite?
False
Let m = 45688 - 31743. Suppose 9*n = 4*n + m. Is n a composite number?
False
Let r = 4350 - 1127. Is r a composite number?
True
Let t(k) = 290*k**3 + 3. Is t(2) a prime number?
False
Let d(m) = -585*m - 16. Is d(-15) a composite number?
True
Let p(i) = 16*i**2 - 8*i - 41. Is p(-15) a prime number?
False
Let y(z) be the second derivative of -z**4/12 + z**3/6 + z**2/2 - 4*z. Let m(r) = -10*r**2 + 9*r + 5. Let d(g) = -m(g) + 6*y(g). Is d(6) a prime number?
True
Let l = -14 + 18. Suppose -1968 = -l*y + 1268. Is y a prime number?
True
Suppose 13*w - 8*w + 19020 = 0. Let h = -1433 - w. Is h prime?
True
Let z(j) = j**3 - 7*j**2 + 6*j. Let m be z(6). Suppose s - 5*a = -m*a + 326, 5*s + a = 1734. Is s a composite number?
True
Suppose -5*w - 31967 = -4*r, r = -5*w + 10944 - 2946. Is r composite?
False
Let m(l) = 15*l**2 - 5*l - 24. Let b be m(-7). Suppose 0 = -5*t + 2611 - b. Is t composite?
False
Let n(t) = 8*t**3 + 2*t**2 - 8*t + 8. Let y be n(4). Suppose 0 = 6*b - y + 22. Is b composite?
False
Let y = -11951 + 24664. Is y a composite number?
False
Let b(p) = p**2 - 6*p - 2. Let s = 6 - -1. Let j be b(s). Is -3*-178*j/6 a composite number?
True
Suppose -h + 3*a + 7597 = -a, 2*h - 2*a - 15212 = 0. Is h a composite number?
True
Let k be -1 - 15/(-4) - 18/24. Suppose 5*h - 1435 = -3*t, 7*h - k*h - 4*t - 1435 = 0. Is h a composite number?
True
Let t = -6565 - -9306. Is t a composite number?
False
Suppose 0 = 2*q - 3*u - 27, 3*q - 5*u - 35 = 8. Is 18/(-27) - (-3094)/q a prime number?
False
Suppose -2*h = -4*x + h - 17, 4*h = 12. Is x/(-6) - 5272/(-6) prime?
False
Let q = 281 + -754. Let u = 975 + q. Is u a composite number?
True
Suppose v - 2*l - 115 = -5*l, l + 335 = 3*v. Suppose -165 = 5*c - 2*h - h, c = 3*h - 33. Let f = v + c. Is f a prime number?
True
Let m = 20434 + -9951. Is m prime?
False
Let p(v) = -v**2 - 20*v - 22. Let r be p(-9). Suppose 4*n - 4 = 2*n. Suppose -k = -r - n. Is k a composite number?
False
Let a(b) = b**3 - 4*b**2 + 4*b + 1. Let w be a(3). Suppose -w*z = z. Suppose s - 131 = -z*s. Is s composite?
False
Let i be (-8 - 462)*(1 + -2). Suppose -5*a = -i + 85. Suppose l + 18 = a. Is l composite?
False
Let v(l) = -1 + 2*l**3 - l**3 + 1 - 6*l**2 - 6*l. Let m be v(7). Suppose 4*b = k + 77, 24 = b + 2*k - m*k. Is b composite?
False
Is 4386 + (129/24 - (-6)/(-16)) prime?
True
Let f(h) = 3*h**2 + 3*h - 2. Let i be f(1). Suppose -3*k + 4 = -i*a - 8, -3*k + 5*a + 15 = 0. Is 202 - (k - 9/(-3)) a composite number?
False
Suppose 0*o - 2*o + 28 = 4*p, 0 = -4*o - 3*p + 31. Suppose -o*l - l + t + 7040 = 0, -5*t = -5*l + 7020. Is l a prime number?
True
Let r = 32952 - 23214. Let y = r + -6391. Is y a composite number?
False
Suppose 2*r - 316 = -4*n, -5*r + 247 = -3*n - 608. Suppose -8*p + r = -1256. Is p a prime number?
False
Let d(i) = 11*i**2 + 43*i - 11. Is d(-22) a composite number?
True
Let b = -249 - -440. Let h = 19 - 14. Suppose -r - 5*g + 118 = 0, 3*g + 483 + b = h*r. Is r prime?
False
Let c(d) = 2*d + 3. Suppose w + 4*t = -8, 2*w - 4*w - 3*t = 6. Let j be c(w). Suppose 0*b + 3*b - u - 73 = 0, 0 = -j*b + 4*u + 58. Is b composite?
True
Let w(b) = b + 6. Suppose -4*j - 5*r - 27 = 0, 4*r = -8*j + 3*j - 36. Let y be w(j). Is 1/((3 + y)/49) a prime number?
False
Suppose 13*g - 2502 = 2087. Is g composite?
False
Suppose 2*l - 53 = -5*g, 2*l - 2 = 2*g - 12. Is (2616/(-18))/((-6)/g) a composite number?
True
Let y = 17 - 9. Suppose 0 = y*f - 253 - 795. Is f prime?
True
Suppose 12*d = 4*d + 27912. Is d a prime number?
False
Suppose 0 = -4*j + 18 - 10. Let u = 301 - 90. Is (-1)/((-423)/u + j) composite?
False
Let g = -19653 + 43414. Is g composite?
False
Let b = 5 - -55. Suppose -x + b = -247. Is x prime?
True
Let f = 14 - 11. Suppose 0 = -4*r + 19 - f. Suppose 1720 = 4*w + 4*j, -r*w + 2040 = 3*j + 323. Is w a prime number?
False
Is (-276111)/(-81) + (-2)/(-9) a composite number?
True
Is -1 - -3*((-529224)/(-9))/4 prime?
True
Let l be (-4)/(-16) + (-14)/(-8). Suppose l + 1 = c. Suppose -7*o = -c*o - 316. Is o a prime number?
True
Suppose 113*u + 22217 = 126*u. Is u a prime number?
True
Let w = 34 + -28. Let n(f) = -f**3 + 6*f**2 + 8*f + 5. Is n(w) composite?
False
Suppose 0 = k + g - 5798, -5*g - 23156 = -4*k - 0*g. Suppose 0 = 18*y - 6320 - k. Is y composite?
False
Let c = -9694 + 17228. Is c prime?
False
Let c = 1157 - -14. Is c composite?
False
Let a(x) = x**3 - 9*x**2 + 8*x + 4. Let j be a(8). Let l be 8 + (4 - 5)*j. Suppose l*i + 256 = 4*d, -5*i + 53 = 2*d - 110. Is d composite?
True
Let m(s) = s**3 - 14*s**2 + 2*s + 28. Let l(y) = -6*y**3 + 69*y**2 - 11*y - 140. Let w(g) = -2*l(g) - 11*m(g). Is w(-13) a composite number?
False
Let k = -298 - -300. Let o = -14 - -93. Suppose a - o = k*v, 0*v = -a + v + 83. Is a prime?
False
Suppose -5*u = -0*g + g - 10761, 3*g + 2*u - 32309 = 0. Is g prime?
True
Let j(v) = v**3 - 8*v**2 + 9*v - 2. Let l be j(7). Let n(k) = k - 10. Let w be n(l). Suppose -w*g + 43 = -9. Is g a composite number?
True
Suppose 0 = -4*u + 4*p + 212, 5*u + 0*u - 310 = -4*p. Let i = 200 - u. Is i composite?
True
Suppose n = 4 - 1, 0 = 2*m + 4*n - 16684. Is m/(-24)*3/(-2) composite?
False
Suppose -7 - 1 = -b. Let l = 10 - b. Let h = 51 + l. Is h a prime number?
True
Let g = -167 + 171. Suppose g*y - 1313 = -3*q, -4*y + 8*y + 2*q - 1310 = 0. Is y a prime